) = j**3 - 4*j**2 + j + 5. What is f(d)?
9
Let j(c) = -5*c - 1. Let y be -13 + 19 + -2*2. Let o be 1/3*((-12)/y + 9). Determine j(o).
-6
Let q(o) be the third derivative of 7*o**4/24 - o**3/6 + 3*o**2. Suppose 0 = -4*s + 5*l - 3*l + 20, 2*s - 8 = 2*l. Suppose 0 = s*c + 16*c - 44. What is q(c)?
13
Let i = 47 + -45. Let p(k) = -44 + 102 - 49 - i*k. Calculate p(6).
-3
Suppose -43*r - 494 = 280. Let h(k) = k**3 + 17*k**2 - 20*k - 36. Calculate h(r).
0
Let q(l) be the third derivative of 3*l**4/8 + 27*l**3/2 - 52*l**2 + 11. Determine q(-7).
18
Let a = -22 + 39. Let g(q) = -5 - q**2 + 27*q - 2 - 3 - a*q. Let y = 811 + -802. Calculate g(y).
-1
Let p(l) be the second derivative of 1/20*l**5 + 5/12*l**4 + 0*l**2 + 0*l**3 + l + 0. Suppose -52*w - 264 = -4. What is p(w)?
0
Suppose -152*j = -155*j + 27. Let z(l) = 1259 - 2509 + 1257 - 8*l**2 - l**3 + j*l. Calculate z(-9).
7
Suppose -5*h + 56 = 2*h. Suppose 0*a = -a - 3*x - h, 4*x = 0. Let m(d) = 0*d**3 + 9 + 7*d**2 - 6*d + 3*d**3 - 2*d**3. Give m(a).
-7
Let b = 138 - 138. Suppose b = 59*z - 66*z + 7. Let k(f) = -2*f**2 + f + 1 - 1. Calculate k(z).
-1
Suppose 243 = -41*x + 122*x. Let g(p) = -3*p - 4. What is g(x)?
-13
Let t(z) = -12*z - 288. Let q be 4/(-24) - (1071/(-108) - -9)*-26. Determine t(q).
0
Let q(o) be the second derivative of -2*o**4/3 + o**3/6 + 4*o. Let l(b) = -2*b + 7. Suppose 6*y - 4 = 20. Let x be l(y). What is q(x)?
-9
Suppose 44*l - 33*l = -5*l. Let o(w) be the second derivative of -w**2 + l - 2*w - 1/6*w**3. Determine o(-2).
0
Let d(q) = -34*q**2 - 52*q - 1. Let k(b) = -41*b**2 - 62*b. Let r(m) = -6*d(m) + 5*k(m). Let f(z) = -z - 11. Let l be f(-7). Give r(l).
-18
Let l(s) be the first derivative of -7*s**3 + s**2/2 + 2*s - 1785. Give l(-1).
-20
Let s(j) = 3*j - 2. Let n(o) = -5*o + 4. Let u(g) = -4*n(g) - 7*s(g). Suppose -9*p - 40 = -14*p. What is u(p)?
-10
Suppose 209 + 155 = 13*q. Suppose 2*u + 4*i + 12 = 22, 4*u - 4*i + q = 0. Let v(s) = s**2 + 3*s - 6. Give v(u).
-6
Let o(c) = c - 1. Let q(y) = -y + 2. Let b(w) = -3*o(w) - 2*q(w). Let l be -36*13/(-26) + -22. Calculate b(l).
3
Let r(t) = -4*t**2 + 70*t - 42. Suppose -337*i = -3722 - 2007. Determine r(i).
-8
Let n(i) = -i**2 + 17*i - 35. Let t be n(14). Let j(o) = t*o - 29 + 68 + o**2 - 38. Calculate j(-4).
-11
Let k = 5229 - 5222. Let i(n) = -2*n**2 + 11*n + 3. Calculate i(k).
-18
Let y(a) be the third derivative of a**6/120 + a**5/10 - a**4/3 - a**3 + a**2. Let o = 209 + -391. Let h = 175 + o. What is y(h)?
1
Let j(g) = -g**3 + 8*g**2 + 2*g - 8. Let n = -87 - -143. Suppose 34*r = 27*r + n. Calculate j(r).
8
Let r(q) = -q**2 + 14*q - 23. Let m = -607 + 622. Calculate r(m).
-38
Let z(q) = -42*q + 1089. Suppose 397*d + 246*d - 17108 = -15*d. Calculate z(d).
-3
Let g(h) = 6 + 7*h - 7*h**2 + 8*h**2 + h**2. Suppose v - 10 = -4*c, 3*c + 3*v = -0*v + 3. Suppose 3*r - c = -3*x, -5*x + 2 = -23. What is g(r)?
10
Let p(b) = 13 + 10*b + b**2 - 2*b**2 - 5 - 10. Suppose -6*n - 138 + 192 = 0. What is p(n)?
7
Let z(y) = -2*y**3 - 9*y**2 - 2*y + 25. Let f be z(-4). Let r(l) = -l**3 + 18*l**2 - 21*l + 40. Calculate r(f).
-28
Let d(h) = 26 + 8*h + 7*h + 22*h + 9*h - 34*h. Calculate d(-2).
2
Let i(f) be the second derivative of f**5/20 - 5*f**4/6 - 2*f**3 + 33*f**2/2 - 2*f + 2364. Give i(11).
22
Suppose 0 = -3*w - 3*c + 1281, 0*c = 5*w + 2*c - 2123. Let u be w/45 - (-2)/(-5). Let t(a) = 0*a**2 - 8*a + 7 + u*a**2 - 10*a**2. Determine t(-5).
22
Let r(k) = 8*k**2 - 3*k + 2. Let j(u) = -9*u**2 + 3*u - 2. Let n(h) = -4*j(h) - 5*r(h). Let q(f) = -f**2 + 32*f - 111. Let g be q(28). What is n(g)?
-3
Let h be 22/(-12) + 10/(-60). Let j be 7/7*(h + 4 + -3). Let g(o) = -2*o - 81 - 20*o**2 + 81 + o. What is g(j)?
-19
Let a(m) = -7*m + 1. Suppose 3*n = 2*n - 37. Suppose -8*o - 209 = 95. Let y = o - n. Give a(y).
8
Let v(t) = 2*t**2 - 10. Let l = -5281 + 5274. What is v(l)?
88
Let b = 3776 - 3787. Let i(f) = -5*f**3 - 57*f**2 - 21*f + 12. What is i(b)?
1
Let g = -256 - -252. Let m(x) be the second derivative of -x**5/20 - 7*x**4/12 - 5*x**3/6 + 3*x**2/2 - 5*x + 44. Calculate m(g).
-25
Let p(h) = 548 + 6*h - 247 - 304. Give p(6).
33
Let j(z) = z**2 + 9*z + 1. Let h(w) = -2*w**2 - 18*w. Let g(u) = -2*h(u) - 5*j(u). Let b(s) = 8*s**3 - 5*s - 6. Let r be b(-1). What is g(r)?
-5
Suppose q = -6*h + h + 13, 3 = q. Suppose 2*l = -h + 14. Let c(z) be the second derivative of -z**3/6 + 3*z**2/2 + 2*z - 9. Calculate c(l).
-3
Let v(t) = -114 + 103 + 5 + 2*t**2 + 8*t. Let g be -2 + (0 - 1)*-2. Suppose g = 5*b + 14 + 16. Determine v(b).
18
Suppose 219 = -5*c - 466. Let t = 213 + c. Let q = t - 74. Let i(o) = -3*o. Give i(q).
-6
Let q(z) = z. Let n be (5 + 711/(-36))/(1/(-12)). Let o = 176 - n. Calculate q(o).
-1
Let m(f) be the second derivative of -f**7/2520 + 7*f**6/720 + f**5/120 - 6*f**4 - 58*f + 1. Let o(t) be the third derivative of m(t). Determine o(8).
-7
Let a(t) be the first derivative of -t**7/840 - t**6/120 + t**4/24 + 4*t**3/3 + t**2 + 13. Let w(r) be the third derivative of a(r). Calculate w(-3).
1
Let w(s) be the second derivative of 5*s**4/12 - s**3/3 - s**2/2 + 162*s + 2. Suppose 5*a - 4*o = 34, -4*a - o + 24 = -2*a. Let r = a + -11. Give w(r).
6
Let s(h) be the first derivative of 11*h**2 - h + 330. Let t(y) = -4*y - 59. Let x be t(-15). Give s(x).
21
Let k(a) be the first derivative of a**3/6 - 6*a**2 + 95*a + 108. Let t(s) be the first derivative of k(s). Let f = 1 - -4. What is t(f)?
-7
Let d(v) = -v**2 + 381*v - 36259. Let r be d(184). Let t(c) = -10*c**2 + 11*c - c**3 + 0 + 1 + 1. Calculate t(r).
2
Suppose 4*u - 11 = 3*t, 326*t - 330*t = u - 17. Let i(g) = 11*g + 6. Give i(u).
61
Let c(x) = -x**2 - 24*x**2 + 20*x + 34*x**2 + x**3 + 12 + 9. Give c(-6).
9
Suppose 5*d = 3*r - 100 + 106, 3 = -4*r + 5*d. Let m(h) = -9*h + 12. Give m(r).
-15
Let m(z) = z**2 - 35*z - 64. Let y be m(40). Let t = y + -142. Let l(w) = w**3 + 7*w**2 + 7*w + 4. Calculate l(t).
-2
Let g be 1 - 1 - 24/(8/(-1)). Let l(p) = 5*p**2 + p**2 - p + 4 - 2*p**3 + 2*p**3 - p**g. Give l(6).
-2
Let f(d) = -d**2 - 7*d + 9. Suppose 0 = q + 10*z - 7*z + 20, -2*z = -5*q - 49. Let j(s) = 2*s**2 + 14*s - 17. Let r(n) = q*f(n) - 6*j(n). Calculate r(-7).
3
Suppose -29*y + 3 = -28*y. Suppose -y*r - 2*j - 1 = -4*r, 2*r - 2*j = 2. Let o(s) = 11*s**3 + 2*s - 1. Give o(r).
12
Suppose l - 3*x + x + 1 = 0, -l - 5*x = 15. Let t(c) = 6*c**3 - 31*c**2 + 4*c - 40. Let s(j) = -j**3 + 6*j**2 - j + 8. Let r(v) = -11*s(v) - 2*t(v). Give r(l).
2
Let t(b) be the first derivative of b - 6 + 1/3*b**3 + 2*b**2. Suppose -4*s + 3 = a + 2*a, s = 2*a + 9. Determine t(a).
-2
Let u = -48 - -51. Let p(n) = 0 - 28*n**u - 6*n**2 + 2*n + 29*n**3 + 7 + 0*n. Let t be (-3)/(-4)*(-60)/(-9). Give p(t).
-8
Let x(h) = -10*h**3 - h. Suppose -2*q = 3*g + 10 - 8, -2*g = -7*g. Give x(q).
11
Let t(j) be the first derivative of 2*j**2 - 20*j + 3164. Suppose -3 = k - 10. Calculate t(k).
8
Suppose -3947*x + 3941*x - 30 = 0. Let u(t) = 11*t - 11. Let l(q) = -7*q + 7. Let y(g) = 8*l(g) + 5*u(g). Give y(x).
6
Let l(j) = 8*j + 2. Suppose -155 = -40*m + 100 - 375. Calculate l(m).
-22
Suppose g - 2*g = s + 16, 0 = -7*s - 5*g - 98. Let y(b) = -b**3 - 8*b**2 + 12*b - 5. Determine y(s).
-32
Suppose -158*l = -65*l + 465. Let o(h) = 60*h + 313. What is o(l)?
13
Let s(l) be the second derivative of -l**3/2 + 3*l**2/2 - 443*l. Calculate s(0).
3
Let u(h) = -h**2 - 12*h + 13. Suppose -5*f + 3*f = o + 26, 0 = -4*f + o - 58. Give u(f).
-15
Let c(g) = 2*g - 27. Let t(x) = -38*x - 2654. Let z be t(-70). What is c(z)?
-15
Suppose 0 = 5*q + 15, -4*h + 0*h = 4*q. Suppose -5*p = 2*y + 13, -p = 5*y - h*p - 40. Let v(u) = -2*u - 8. Calculate v(y).
-20
Let g be 1 + 1 + 0/2. Let o(v) = 4*v**3 - 4*v**2 - 15*v + 15. Let y(u) = -9*u**3 + 9*u**2 + 36*u - 36. Let i(t) = -5*o(t) - 2*y(t). Calculate i(g).
-5
Let a(i) = 3*i**2 - 14*i - 7. Let k be (-42)/(-24)*4/1. Calculate a(k).
42
Let l be (-3 - (-9)/6)*2. Let t(u) = 108*u**3 - 14*u - 109*u**3 + 3*u - 6*u**2 - 2. Determine t(l).
4
Let i = 17284 + -17291. Let p(h) = -h**3 - 10*h**2 - 10*h + 17. Give p(i).
-60
Suppose -75 = 2*h - 97. Suppose -3*o = -3*y - 3, -2*y + 1 = -3. Let r(v) = -7 + 9 - v**2 + o + 10 + 10*v. Calculate r(h).
4
Let q(n) = n**2 + 9*n + 6. Let c = 386 + -243. Let v = -65 + c. Let r = -87 + v. Give q(r).
6
Let m